{"id":6850,"date":"2026-04-06T08:59:21","date_gmt":"2026-04-06T12:59:21","guid":{"rendered":"https:\/\/americanperfectonline.com\/elite\/?page_id=6850"},"modified":"2026-04-17T11:21:00","modified_gmt":"2026-04-17T15:21:00","slug":"fase_i_2026","status":"publish","type":"page","link":"https:\/\/americanperfectonline.com\/elite\/","title":{"rendered":"Fase_I_2026"},"content":{"rendered":"\t\t<div data-elementor-type=\"wp-page\" data-elementor-id=\"6850\" class=\"elementor elementor-6850\" data-elementor-settings=\"[]\">\n\t\t\t\t\t\t\t<div class=\"elementor-section-wrap\">\n\t\t\t\t\t\t\t<section data-particle_enable=\"false\" data-particle-mobile-disabled=\"false\" class=\"elementor-section elementor-top-section elementor-element elementor-element-1cdf0bbb elementor-section-height-full elementor-section-boxed elementor-section-height-default elementor-section-items-middle\" data-id=\"1cdf0bbb\" data-element_type=\"section\" data-settings=\"{&quot;background_background&quot;:&quot;classic&quot;,&quot;shape_divider_bottom&quot;:&quot;triangle-asymmetrical&quot;,&quot;shape_divider_bottom_negative&quot;:&quot;yes&quot;,&quot;_ha_eqh_enable&quot;:false}\">\n\t\t\t\t\t<div class=\"elementor-shape elementor-shape-bottom\" data-negative=\"true\">\n\t\t\t<svg xmlns=\"http:\/\/www.w3.org\/2000\/svg\" viewBox=\"0 0 1000 100\" preserveAspectRatio=\"none\">\n\t<path class=\"elementor-shape-fill\" d=\"M737.9,94.7L0,0v100h1000V0L737.9,94.7z\"\/>\n<\/svg>\t\t<\/div>\n\t\t\t\t\t<div class=\"elementor-container elementor-column-gap-default\">\n\t\t\t\t\t<div class=\"elementor-column elementor-col-100 elementor-top-column elementor-element elementor-element-af4c8c5\" data-id=\"af4c8c5\" data-element_type=\"column\">\n\t\t\t<div class=\"elementor-widget-wrap\">\n\t\t\t\t\t\t\t\t\t<\/div>\n\t\t<\/div>\n\t\t\t\t\t\t\t<\/div>\n\t\t<\/section>\n\t\t\t\t<section data-particle_enable=\"false\" data-particle-mobile-disabled=\"false\" class=\"elementor-section elementor-top-section elementor-element elementor-element-5b59b603 elementor-section-boxed elementor-section-height-default elementor-section-height-default\" data-id=\"5b59b603\" data-element_type=\"section\" data-settings=\"{&quot;_ha_eqh_enable&quot;:false}\">\n\t\t\t\t\t\t<div class=\"elementor-container elementor-column-gap-default\">\n\t\t\t\t\t<div class=\"elementor-column elementor-col-100 elementor-top-column elementor-element elementor-element-7793ab8\" data-id=\"7793ab8\" data-element_type=\"column\">\n\t\t\t<div class=\"elementor-widget-wrap elementor-element-populated\">\n\t\t\t\t\t\t\t\t<div class=\"elementor-element elementor-element-71bc14d2 ha-layout-block ha-align-center ha-align-center elementor-widget elementor-widget-ha-advanced-heading happy-addon ha-advanced-heading happy-addon-pro\" data-id=\"71bc14d2\" data-element_type=\"widget\" data-widget_type=\"ha-advanced-heading.default\">\n\t\t\t\t<div class=\"elementor-widget-container\">\n\t\t\t\n\t\t<h2 class=\"ha-advanced-heading-tag\">\n\t\t\t\t\t\t<div class=\"ha-advanced-heading-wrap\" data-background-text=\"Bienvenidos\">\n\t\t\t\t<span class=\"ha-advanced-heading-before\">AMERICAN PERFECT<\/span>\n\t\t\t\t<span class=\"ha-advanced-heading-center\"><\/span>\n\t\t\t\t<span class=\"ha-advanced-heading-after\">    <\/span>\n\t\t\t\t<span class=\"ha-advanced-heading-border\"><\/span>\n\t\t\t<\/div>\n\t\t\t\t\t<\/h2>\n\n\t\t\t\t<\/div>\n\t\t\t\t<\/div>\n\t\t\t\t<section data-particle_enable=\"false\" data-particle-mobile-disabled=\"false\" class=\"elementor-section elementor-inner-section elementor-element elementor-element-4a0c5042 elementor-section-boxed elementor-section-height-default elementor-section-height-default\" data-id=\"4a0c5042\" data-element_type=\"section\" data-settings=\"{&quot;_ha_eqh_enable&quot;:false}\">\n\t\t\t\t\t\t<div class=\"elementor-container elementor-column-gap-default\">\n\t\t\t\t\t<div class=\"elementor-column elementor-col-50 elementor-inner-column elementor-element elementor-element-c1789f1\" data-id=\"c1789f1\" data-element_type=\"column\">\n\t\t\t<div class=\"elementor-widget-wrap elementor-element-populated\">\n\t\t\t\t\t\t\t\t<div class=\"elementor-element elementor-element-2a48a6a8 elementor-widget elementor-widget-heading\" data-id=\"2a48a6a8\" data-element_type=\"widget\" data-widget_type=\"heading.default\">\n\t\t\t\t<div class=\"elementor-widget-container\">\n\t\t\t<h2 class=\"elementor-heading-title elementor-size-default\">Felicidades, estas por iniciar una fabulosa y \u00fanica experiencia de la mano de American Perfect, Elite Group Program 2026, donde podr\u00e1s convertirte en nuestro pr\u00f3ximo EMBAJADOR.<\/h2>\t\t<\/div>\n\t\t\t\t<\/div>\n\t\t\t\t\t<\/div>\n\t\t<\/div>\n\t\t\t\t<div class=\"elementor-column elementor-col-50 elementor-inner-column elementor-element elementor-element-58822bd3\" data-id=\"58822bd3\" data-element_type=\"column\">\n\t\t\t<div class=\"elementor-widget-wrap elementor-element-populated\">\n\t\t\t\t\t\t\t\t<div class=\"elementor-element elementor-element-8c95c42 elementor-widget elementor-widget-text-editor\" data-id=\"8c95c42\" data-element_type=\"widget\" data-widget_type=\"text-editor.default\">\n\t\t\t\t<div class=\"elementor-widget-container\">\n\t\t\t\t\t\t\t\t<p style=\"text-align: justify;\">Durante los pr\u00f3ximos meses nos encargaremos de formarte t\u00e9cnica, profesional y art\u00edsticamente, a trav\u00e9s de un grupo de excelentes tutores que forman parte de este hermoso proyecto.<\/p>\n<p style=\"text-align: justify;\">Nos espera un camino Maravilloso al integrarte a nuestro programa estaremos centrados en tu formaci\u00f3n, brind\u00e1ndote apoyo para tu desarrollo integral a lo largo de este trayecto, contribuyendo al \u00e9xito y creaci\u00f3n de estilistas comprometidos, talentosos, creativos y dispuestos de aprender.<\/p>\n<p style=\"text-align: justify;\">\u00a1Nos alegra poder contar contigo! Tenemos preparadas muchas actividades y retos.\u00a0<\/p>\n<p style=\"text-align: justify;\">\u00a0<\/p>\t\t\t\t\t\t<\/div>\n\t\t\t\t<\/div>\n\t\t\t\t\t<\/div>\n\t\t<\/div>\n\t\t\t\t\t\t\t<\/div>\n\t\t<\/section>\n\t\t\t\t\t<\/div>\n\t\t<\/div>\n\t\t\t\t\t\t\t<\/div>\n\t\t<\/section>\n\t\t\t\t<section data-particle_enable=\"false\" data-particle-mobile-disabled=\"false\" class=\"elementor-section elementor-top-section elementor-element elementor-element-e8ce134 elementor-section-boxed elementor-section-height-default elementor-section-height-default\" data-id=\"e8ce134\" data-element_type=\"section\" data-settings=\"{&quot;_ha_eqh_enable&quot;:false}\">\n\t\t\t\t\t\t<div class=\"elementor-container elementor-column-gap-default\">\n\t\t\t\t\t<div class=\"elementor-column elementor-col-100 elementor-top-column elementor-element elementor-element-8c450f6\" data-id=\"8c450f6\" data-element_type=\"column\">\n\t\t\t<div class=\"elementor-widget-wrap elementor-element-populated\">\n\t\t\t\t\t\t\t\t<div class=\"elementor-element elementor-element-c23b9c3 ha-align-center ha-layout-inline elementor-widget elementor-widget-ha-advanced-heading happy-addon ha-advanced-heading happy-addon-pro\" data-id=\"c23b9c3\" data-element_type=\"widget\" data-widget_type=\"ha-advanced-heading.default\">\n\t\t\t\t<div class=\"elementor-widget-container\">\n\t\t\t\n\t\t<h2 class=\"ha-advanced-heading-tag\">\n\t\t\t\t\t\t<div class=\"ha-advanced-heading-wrap\" data-background-text=\"\">\n\t\t\t\t<span class=\"ha-advanced-heading-before\">CICLO<\/span>\n\t\t\t\t<span class=\"ha-advanced-heading-center\">I<\/span>\n\t\t\t\t<span class=\"ha-advanced-heading-after\">TALENTOS<\/span>\n\t\t\t\t<span class=\"ha-advanced-heading-border\"><\/span>\n\t\t\t<\/div>\n\t\t\t\t\t<\/h2>\n\n\t\t\t\t<\/div>\n\t\t\t\t<\/div>\n\t\t\t\t\t<\/div>\n\t\t<\/div>\n\t\t\t\t\t\t\t<\/div>\n\t\t<\/section>\n\t\t\t\t<section data-particle_enable=\"false\" data-particle-mobile-disabled=\"false\" class=\"elementor-section elementor-top-section elementor-element elementor-element-ea06a4e elementor-section-boxed elementor-section-height-default elementor-section-height-default\" data-id=\"ea06a4e\" data-element_type=\"section\" data-settings=\"{&quot;background_background&quot;:&quot;classic&quot;,&quot;shape_divider_top&quot;:&quot;triangle-asymmetrical&quot;,&quot;shape_divider_top_negative&quot;:&quot;yes&quot;,&quot;shape_divider_bottom&quot;:&quot;triangle-asymmetrical&quot;,&quot;_ha_eqh_enable&quot;:false}\">\n\t\t\t\t\t<div class=\"elementor-shape elementor-shape-top\" data-negative=\"true\">\n\t\t\t<svg xmlns=\"http:\/\/www.w3.org\/2000\/svg\" viewBox=\"0 0 1000 100\" preserveAspectRatio=\"none\">\n\t<path class=\"elementor-shape-fill\" d=\"M737.9,94.7L0,0v100h1000V0L737.9,94.7z\"\/>\n<\/svg>\t\t<\/div>\n\t\t\t\t<div class=\"elementor-shape elementor-shape-bottom\" data-negative=\"false\">\n\t\t\t<svg xmlns=\"http:\/\/www.w3.org\/2000\/svg\" viewBox=\"0 0 1000 100\" preserveAspectRatio=\"none\">\n\t<path class=\"elementor-shape-fill\" d=\"M738,99l262-93V0H0v5.6L738,99z\"\/>\n<\/svg>\t\t<\/div>\n\t\t\t\t\t<div class=\"elementor-container elementor-column-gap-default\">\n\t\t\t\t\t<div class=\"elementor-column elementor-col-100 elementor-top-column elementor-element elementor-element-597ffef\" data-id=\"597ffef\" data-element_type=\"column\">\n\t\t\t<div class=\"elementor-widget-wrap elementor-element-populated\">\n\t\t\t\t\t\t\t\t<div class=\"elementor-element elementor-element-a9f9337 elementor-view-default elementor-widget elementor-widget-icon\" data-id=\"a9f9337\" data-element_type=\"widget\" data-widget_type=\"icon.default\">\n\t\t\t\t<div class=\"elementor-widget-container\">\n\t\t\t\t\t<div class=\"elementor-icon-wrapper\">\n\t\t\t<div class=\"elementor-icon\">\n\t\t\t<i aria-hidden=\"true\" class=\"ticon ticon-open-book\"><\/i>\t\t\t<\/div>\n\t\t<\/div>\n\t\t\t\t<\/div>\n\t\t\t\t<\/div>\n\t\t\t\t<section data-particle_enable=\"false\" data-particle-mobile-disabled=\"false\" class=\"elementor-section elementor-inner-section elementor-element elementor-element-ef2e4b4 elementor-section-boxed elementor-section-height-default elementor-section-height-default\" data-id=\"ef2e4b4\" data-element_type=\"section\" data-settings=\"{&quot;_ha_eqh_enable&quot;:false}\">\n\t\t\t\t\t\t<div class=\"elementor-container elementor-column-gap-default\">\n\t\t\t\t\t<div class=\"elementor-column elementor-col-100 elementor-inner-column elementor-element elementor-element-f586846\" data-id=\"f586846\" data-element_type=\"column\">\n\t\t\t<div class=\"elementor-widget-wrap elementor-element-populated\">\n\t\t\t\t\t\t\t\t<div class=\"elementor-element elementor-element-f84cac2 elementor-widget elementor-widget-heading\" data-id=\"f84cac2\" data-element_type=\"widget\" data-widget_type=\"heading.default\">\n\t\t\t\t<div class=\"elementor-widget-container\">\n\t\t\t<h2 class=\"elementor-heading-title elementor-size-default\">Nuestros Programas y Formaciones<\/h2>\t\t<\/div>\n\t\t\t\t<\/div>\n\t\t\t\t<div class=\"elementor-element elementor-element-64b3373 elementor-widget elementor-widget-text-editor\" data-id=\"64b3373\" data-element_type=\"widget\" data-widget_type=\"text-editor.default\">\n\t\t\t\t<div class=\"elementor-widget-container\">\n\t\t\t\t\t\t\t\t<p>\u00a1Accede y completa las c\u00e1psulas que tenemos para ti!<\/p>\t\t\t\t\t\t<\/div>\n\t\t\t\t<\/div>\n\t\t\t\t\t<\/div>\n\t\t<\/div>\n\t\t\t\t\t\t\t<\/div>\n\t\t<\/section>\n\t\t\t\t<div class=\"elementor-element elementor-element-7228266 sf-heading--decor-bottom_line elementor-widget elementor-widget-talemy-block-courses\" data-id=\"7228266\" data-element_type=\"widget\" data-widget_type=\"talemy-block-courses.default\">\n\t\t\t\t<div class=\"elementor-widget-container\">\n\t\t\t<div class=\"block-posts pb-block\" data-block=\"{&quot;atts&quot;:{&quot;title&quot;:&quot;&quot;,&quot;subtitle&quot;:&quot;&quot;,&quot;count&quot;:60,&quot;order&quot;:&quot;&quot;,&quot;orderby&quot;:&quot;ASC&quot;,&quot;format&quot;:&quot;&quot;,&quot;categories&quot;:&quot;&quot;,&quot;exclude_categories&quot;:&quot;&quot;,&quot;course_categories&quot;:[&quot;186&quot;],&quot;course_tags&quot;:&quot;&quot;,&quot;post_type&quot;:&quot;sfwd-courses&quot;,&quot;post_ids&quot;:&quot;&quot;,&quot;authors&quot;:&quot;&quot;,&quot;tab_type&quot;:&quot;&quot;,&quot;tab_categories&quot;:&quot;&quot;,&quot;tab_tags&quot;:&quot;&quot;,&quot;tab_authors&quot;:&quot;&quot;,&quot;tab_show_all&quot;:&quot;yes&quot;,&quot;tab_show_counts&quot;:&quot;no&quot;,&quot;tab_orderby&quot;:&quot;&quot;,&quot;tab_order&quot;:&quot;&quot;,&quot;tags&quot;:&quot;&quot;,&quot;preload_content&quot;:&quot;&quot;,&quot;pagination&quot;:&quot;&quot;,&quot;ppl&quot;:60,&quot;max_loads&quot;:60,&quot;list_style&quot;:&quot;grid&quot;,&quot;current_tab_id&quot;:&quot;&quot;,&quot;show_category&quot;:&quot;yes&quot;,&quot;show_excerpt&quot;:&quot;yes&quot;,&quot;excerpt_limit&quot;:&quot;&quot;,&quot;thumbnail_size&quot;:&quot;talemy_thumb_small&quot;,&quot;meta_data&quot;:[&quot;level&quot;,&quot;duration&quot;,&quot;language&quot;],&quot;show_author&quot;:&quot;yes&quot;,&quot;show_price&quot;:&quot;yes&quot;,&quot;columns&quot;:&quot;3&quot;,&quot;columns_tablet&quot;:&quot;2&quot;,&quot;columns_mobile&quot;:&quot;1&quot;,&quot;query_args&quot;:[]},&quot;block_id&quot;:&quot;Block_Courses&quot;,&quot;max_num_pages&quot;:0,&quot;found_posts&quot;:0,&quot;query_args&quot;:{&quot;post_type&quot;:&quot;sfwd-courses&quot;,&quot;post_status&quot;:&quot;publish&quot;,&quot;ignore_sticky_posts&quot;:true,&quot;order&quot;:&quot;ASC&quot;,&quot;paged&quot;:1,&quot;tax_query&quot;:{&quot;relation&quot;:&quot;OR&quot;,&quot;0&quot;:{&quot;taxonomy&quot;:&quot;ld_course_category&quot;,&quot;terms&quot;:[&quot;186&quot;],&quot;operator&quot;:&quot;IN&quot;},&quot;1&quot;:{&quot;taxonomy&quot;:&quot;ld_course_tag&quot;,&quot;terms&quot;:&quot;&quot;,&quot;operator&quot;:&quot;IN&quot;}},&quot;posts_per_page&quot;:60,&quot;offset&quot;:0}}\"><div class=\"preloader\"><svg class=\"google-circular\" viewBox=\"25 25 50 50\"><circle class=\"path\" cx=\"50\" cy=\"50\" r=\"20\" fill=\"none\" stroke-width=\"4\" stroke-miterlimit=\"10\"\/><\/svg><\/div><\/div>\t\t<\/div>\n\t\t\t\t<\/div>\n\t\t\t\t\t<\/div>\n\t\t<\/div>\n\t\t\t\t\t\t\t<\/div>\n\t\t<\/section>\n\t\t\t\t\t\t<\/div>\n\t\t\t\t\t<\/div>\n\t\t","protected":false},"excerpt":{"rendered":"<p>AMERICAN PERFECT Felicidades, estas por iniciar una fabulosa y \u00fanica experiencia de la mano de American Perfect, Elite Group Program 2026, donde podr\u00e1s convertirte en nuestro pr\u00f3ximo EMBAJADOR. Durante los pr\u00f3ximos meses nos encargaremos de formarte t\u00e9cnica, profesional y art\u00edsticamente, a trav\u00e9s de un grupo de excelentes tutores que forman parte de este hermoso proyecto. [&hellip;]<\/p>\n","protected":false},"author":1,"featured_media":0,"parent":0,"menu_order":0,"comment_status":"closed","ping_status":"closed","template":"page-builder.php","meta":{"footnotes":""},"class_list":["post-6850","page","type-page","status-publish","hentry"],"_links":{"self":[{"href":"https:\/\/americanperfectonline.com\/elite\/wp-json\/wp\/v2\/pages\/6850","targetHints":{"allow":["GET"]}}],"collection":[{"href":"https:\/\/americanperfectonline.com\/elite\/wp-json\/wp\/v2\/pages"}],"about":[{"href":"https:\/\/americanperfectonline.com\/elite\/wp-json\/wp\/v2\/types\/page"}],"author":[{"embeddable":true,"href":"https:\/\/americanperfectonline.com\/elite\/wp-json\/wp\/v2\/users\/1"}],"replies":[{"embeddable":true,"href":"https:\/\/americanperfectonline.com\/elite\/wp-json\/wp\/v2\/comments?post=6850"}],"version-history":[{"count":31,"href":"https:\/\/americanperfectonline.com\/elite\/wp-json\/wp\/v2\/pages\/6850\/revisions"}],"predecessor-version":[{"id":6989,"href":"https:\/\/americanperfectonline.com\/elite\/wp-json\/wp\/v2\/pages\/6850\/revisions\/6989"}],"wp:attachment":[{"href":"https:\/\/americanperfectonline.com\/elite\/wp-json\/wp\/v2\/media?parent=6850"}],"curies":[{"name":"wp","href":"https:\/\/api.w.org\/{rel}","templated":true}]}}